?
19
Suppose -3*n = -4*g + 9, 2*n + 6 = -2*g + 6*g. Let o = -181 + 198. Calculate the remainder when o is divided by 6/n - (-14)/2.
2
Suppose 3*i = -92*h + 90*h + 148, 0 = 5*i - 4*h - 232. What is the remainder when i is divided by 10?
8
Suppose 0 = -3*k + 174 + 420. Suppose -50*f + 1994 = -541 + 535. What is the remainder when k is divided by f?
38
Let b = -54 - -10. Let h = -33 - b. Calculate the remainder when h is divided by 5.
1
Suppose 0 = -5*w - 0*b + 5*b + 35, -w + 3 = -3*b. What is the remainder when 25 is divided by w?
7
Let z(n) = 5*n**2 - 7*n**3 + 2 - 3*n + 5*n**2 + 12*n**3 - 6*n**3. Calculate the remainder when 220 is divided by z(9).
52
Calculate the remainder when 194 is divided by (2 - (-63)/6)*4.
44
Let j = 7 - 7. What is the remainder when 23 is divided by 1 + (2 - (j + -1)) - -3?
2
Let v(r) = r**3 + 9*r**2 - 10*r + 1. Let z be v(-10). Suppose -2*h + 1 + z = 0. What is the remainder when 1 is divided by h?
0
Let h(o) = -8*o**2 + o - 5. Let p(f) = 9*f**2 - f + 6. Let w(t) = -6*h(t) - 5*p(t). What is the remainder when w(3) is divided by 7?
3
Suppose 0 = -2*d - 261 + 313. What is the remainder when 467 is divided by d?
25
Suppose -5*l - 8*l + 429 = 0. Calculate the remainder when 299 is divided by l.
2
Let p(w) = 23*w**2 + 5*w + 4. What is the remainder when 2406 is divided by p(-2)?
84
Let n = -35 + 42. Let u = 10 + n. Let r(g) = 2*g + 4. Calculate the remainder when u is divided by r(3).
7
Suppose 0 = -3*o - 0*o + 9. Suppose 0*n - 69 = -2*n - j, -4*j + 101 = o*n. Suppose 3*v = 43 + 11. What is the remainder when n is divided by v?
17
Suppose -3*q + 11 = 2*q + 3*z, -17 = -2*q + 3*z. Let h be 48/(-4)*(-2)/q. Calculate the remainder when 2 - 80/h*-3 is divided by 22.
20
Suppose -674 = -24*a + 310. What is the remainder when a is divided by 14?
13
Suppose 5*x + 5*q = x + 55, -5*x - 4*q + 71 = 0. Calculate the remainder when 37 is divided by x.
7
Let t(q) be the first derivative of q**3/3 - q**2/2 + 12*q - 30. Let i = -75 + 124. Calculate the remainder when i is divided by t(3).
13
Suppose 3*a - 19 = -4. Suppose a*r + 20 = 25. Suppose 0 = -x + 3. What is the remainder when x is divided by r?
0
Suppose -w + 138 = -i, -2*w - 5*i - 261 = -4*w. Let r = w + -134. What is the remainder when 13 is divided by r?
4
Let x(p) = 2*p**2 + 3*p + 2. Let s be 46/(-92)*((-14)/(-2) - 1). What is the remainder when (-56)/s - 3/(-9) is divided by x(-3)?
8
Suppose 0 = z - 4*m + 12, -12 = -5*z + 3*m - m. What is the remainder when 46 is divided by z?
2
Suppose 84 = -2*d + 8*d. Suppose 11 = 5*r - d. Calculate the remainder when 19 is divided by r.
4
Suppose 0 + 30 = 5*d. Suppose 32 = d*b - 5*b. What is the remainder when b is divided by 11?
10
Suppose 2*w + 2*i - 18 = 0, 4*w - 135 + 97 = -2*i. Suppose -2*f + 5 = -91. What is the remainder when f is divided by w?
8
Let j(c) = 5*c**2 - 9*c + 63. What is the remainder when j(0) is divided by 20?
3
Let k = 85 - 39. Let u = 113 + -89. What is the remainder when k is divided by u?
22
Let u be 0 + 4 - 11/((-55)/(-450)). Let h = u - -121. What is the remainder when h is divided by 17?
1
Calculate the remainder when 0/((-9)/(-3)) - -5 - -1720 is divided by 96.
93
Suppose 60 = q - 77. Suppose 0 = -2*n - j + q, -2*n - 5*j + 223 = n. What is the remainder when n is divided by 17?
15
What is the remainder when (-814)/(-44) + (-1)/2 is divided by ((-40)/(-6))/(4/6)?
8
Suppose -35 = -26*n + 23*n - 4*p, -n + 9 = 4*p. What is the remainder when 282 is divided by n?
9
Let u(w) = 5*w**3 - 25*w**2 - 3*w - 16. Calculate the remainder when u(6) is divided by 34.
10
Let m = 137 + -2. What is the remainder when m is divided by 42?
9
Suppose 315 = 3*h - 1269. What is the remainder when h is divided by 89?
83
Calculate the remainder when 1766 is divided by (-1*76/6)/(234/(-351)).
18
Suppose -2*w - 575 = 10*o - 13*o, 4*o = 4*w + 764. Calculate the remainder when o is divided by 50.
43
Let l = -324 - -377. What is the remainder when l is divided by 11?
9
Let v = 53 + -18. Calculate the remainder when v is divided by (-70)/(-8) + (-11)/(-44).
8
Let y(a) = 9*a - 1. Let t be y(1). Suppose -9*p + t*p = -3. Calculate the remainder when (6/4)/(3/18) is divided by p.
0
Let i(a) = 32*a - 306. What is the remainder when i(17) is divided by 24?
22
Let b be (-16)/(-6)*15/10. Calculate the remainder when b/(-3)*(-2 - 1) is divided by 3.
1
Suppose 0*c + 4*a = -4*c + 708, -3*c + 3*a + 507 = 0. Calculate the remainder when 182 is divided by c.
9
Suppose 2*n = 8, 0 = 5*i + 2*n - 117 + 24. What is the remainder when 41 is divided by i?
7
What is the remainder when 119 is divided by ((-300)/21)/(9/(-63))?
19
Let n = 24 - 21. Suppose n*s + 5*x - 14 = -1, -5*s + 5*x = 5. Let q(o) = 21*o - 1. What is the remainder when 77 is divided by q(s)?
17
Let f = -4 - -9. Suppose f*d - 4*g + 6*g - 681 = 0, -2*d + g + 276 = 0. Let b(r) = r**3 - 7*r**2 + 7*r - 14. Calculate the remainder when d is divided by b(7).
32
Let u(o) = -3*o + 30. Let r be u(9). Suppose -2*j + 224 = l, -212 = -2*j - r*l - l. Calculate the remainder when j is divided by 13.
10
Suppose 4*a = 2*x + 4, 0 + 10 = -4*a - 5*x. Suppose 4*i + a*i - 104 = 0. What is the remainder when 47 is divided by i?
21
Let f(d) = -d**3 - d**2 + 10*d + 2. Let w be f(-5). What is the remainder when 39 is divided by 3*1/(-2) - w/(-8)?
4
Suppose 3*h - 13 - 95 = 0. Let n = -1187 - -1258. Calculate the remainder when n is divided by h.
35
Suppose 9*b = 27 + 12 + 78. What is the remainder when b is divided by 14/4 - 2/(-4)?
1
Let k = 409 - 14. What is the remainder when k is divided by 18?
17
Suppose 0*j - 2*j - 3*i = 156, 5*j = 5*i - 365. Let r = j + 28. Let x = r - -137. What is the remainder when x is divided by 23?
21
Suppose -5*g + 8 = -7. Suppose 3*n - 5*k = 103, g*n + 41 = 4*n - 5*k. Calculate the remainder when n is divided by 1/2*1*22.
9
Suppose 95 = 2*n + l, -l + 6*l - 70 = -n. Calculate the remainder when n is divided by 14.
3
Let x(t) = t + 1. Suppose -h + 3*w = 2*w - 11, -3*h - w = -13. Calculate the remainder when x(8) is divided by h.
3
Let q = -122 + 167. Calculate the remainder when q is divided by 32.
13
Let a = -594 + 616. Calculate the remainder when 502 is divided by a.
18
Let d = -402 - -1024. What is the remainder when d is divided by 52?
50
Suppose q = -2*d + 19, 2*q - 2*d + 0*d = 32. Suppose z - 10 + 16 = 0. Calculate the remainder when z/(-4)*-2 + 36 is divided by q.
16
Let q be 28608/52 + 8/(-52). Calculate the remainder when 33 is divided by (-2)/12 - q/(-60).
6
Suppose a - 6*a + 30 = 0. Calculate the remainder when -1*(-40 + 6)/2 is divided by a.
5
Suppose -3*j + 14 + 58 = 0. Let s(w) = 3*w + 11*w + 10*w - 5*w. What is the remainder when s(5) is divided by j?
23
Let p = -304 - -331. Calculate the remainder when 483 is divided by p.
24
Let i = 435 - 371. Calculate the remainder when 510 is divided by i.
62
Suppose 0 = 45*a - 6*a - 1755. Calculate the remainder when 536 is divided by a.
41
Let h(a) = -a**2 - 13*a + 19. Suppose 5*r = -y + 4*y - 45, -y + r + 15 = 0. Suppose -1 + y = -p. What is the remainder when 13 is divided by h(p)?
3
Let k = -399 + 518. Calculate the remainder when k is divided by 64.
55
Let u = 243 - 195. Calculate the remainder when u is divided by 5.
3
Let i = -2 + -7. Let h(y) = -3*y - 7. What is the remainder when 59 is divided by h(i)?
19
Suppose 222 = -2*w + 5*x, 7 = 3*w - 4*x + 347. Let l = w + 78. Let k = 74 + l. Calculate the remainder when k is divided by 13.
10
What is the remainder when 238 is divided by (-2 - 5/(-3)) + 441/27?
14
Suppose 0 = 5*m - 17 - 8. Suppose -m*g + 115 = -0*g. What is the remainder when -2 - (-4)/8*-7*-26 is divided by g?
20
Let s(q) be the third derivative of -11/6*q**3 + 0*q + 0 - 1/60*q**5 - 7/12*q**4 - 7*q**2. What is the remainder when s(-10) is divided by 16?
13
Let k = -9 + 41. What is the remainder when 73 is divided by k?
9
Suppose -9 - 25 = -s. Calculate the remainder when s is divided by ((-6)/(-9))/(4/42).
6
What is the remainder when (-7)/(-21) + (-143)/(-3) is divided by 30?
18
Suppose 4*x - 27 = -3*w + 32, -2*x = 5*w - 47. What is the remainder when (-3)/18 + 988/24 is divided by x?
8
Suppose -137 = -2*k + k + 2*g, 4 = -4*g. Calculate the remainder when 61 is divided by (-6)/(k/(-40) + 3).
13
What is the remainder when